alue of (-14 - -15) + (5 - (1 - 1)) + -5?
1
What is -16 - (-16 + 32 + -13)?
-19
Evaluate (2 - (6 + -3 + 1)) + (-21 - -36).
13
Evaluate -20 + 1 + -44 + 56.
-7
(3 - -12) + 81 + -95
1
-11 - (-3 - 1) - (8 + -13)
-2
-32 + (51 - -19) - 4
34
What is the value of -10 + 16 + -13 + 12?
5
Evaluate 8 + (-40 - -74) + -33.
9
What is the value of -9 + (18 - 6) + -32 + -6 + 6?
-29
What is 14 + 3 + (11 - 10) + -10?
8
-15 - ((-17 - -8) + -8)
2
Calculate -19 + (5 - -10) + -17.
-21
Evaluate (-24 - -25) + 15 - 15.
1
What is 27 + 1 + 2 + 1?
31
What is the value of (-15 - -1) + (4 - -12)?
2
What is -19 - (-23 + 1) - 15?
-12
8 - (-54 - (13 + -54))
21
Calculate -22 + 10 + 14 + 16 + (1 - 2).
17
What is -5 + (9 - (16 + -10))?
-2
Evaluate (-46 - (-85 - -11)) + -27.
1
Calculate (-5 - (-15 - 7 - (0 - 6))) + 2.
13
-2 - 4 - (5 + (-3 - -2))
-10
What is the value of 4 + (26 - (-14 + 23)) - (0 - 0)?
21
What is (4 - 2) + 38 + -26?
14
Calculate -3 - -2 - (-8 + 17 - -6).
-16
Evaluate (-39 - -42) + 20 + -46.
-23
Evaluate -2 + (30 - -4) - (361 - 353).
24
What is the value of -23 + -9 + (-10 - -31)?
-11
(-3 + -4 - ((8 - 6) + -7)) + 0
-2
What is the value of -160 + 168 - (-2 - (-2 + (1 - -4)))?
13
What is the value of (2 - (6 + -3)) + 3 + -1 - 15?
-14
-37 - -51 - (8 - -1)
5
What is the value of -21 - (24 - (41 - 0))?
-4
What is -1 - ((-5 - (0 + 11)) + 6 + 0)?
9
What is -6 - (-21 + -2 + 15)?
2
Evaluate -9 + (-8 - 1) + 3 + 10.
-5
Evaluate -3 + 8 + (0 - (3 - 2)) + -23.
-19
What is 14 - (-11 - -10 - 12 - -13)?
14
What is -4 + (-16 - -9) - 1?
-12
What is the value of -12 + (-1 - 8 - (25 - 1 - 29))?
-16
Calculate -10 + (-5 - (-6 + 6) - -9).
-6
What is (-2 - (-1 + 5)) + 0 + (-204 - -200)?
-10
What is the value of 5 + -3 + (2 - 7) + -1 + 3?
-1
Evaluate -12 + 15 + -2 - -11 - 12.
0
Calculate 13 + -8 - -4 - ((0 - -5) + -8).
12
What is the value of -9 - ((-2 - (2 - 2)) + -8 - 8)?
9
-7 - 1 - ((3 - 6 - -10) + -29)
14
What is the value of -22 - (6 + -6 - 1)?
-21
-4 + (32 - 19) + (6 - 18)
-3
Calculate (5 - 3 - 8 - (0 - 1)) + -9.
-14
58 + (-26 + 8 - 22)
18
What is the value of 14 - (-22 + (36 - -7))?
-7
Evaluate 5 + (-14 - (-1 - (-6 + 5))).
-9
What is the value of -15 + (22 - (23 - 18))?
2
What is the value of -1 + 12 + 13 + (-16 - -6)?
14
-3 - -2 - (8 + 2 + (0 - 7))
-4
-13 + 1 - (-274 - -269)
-7
What is the value of 5 + (3 - 3) - (-10 - -25)?
-10
(1 - ((10 - 6) + -9)) + (1 - 22)
-15
Calculate -11 + 8 + (-11 + 2 - 2) + 4.
-10
-2 - (-15 + (-9 - -6) - -8)
8
-14 - (91 - 111) - (1 + 15)
-10
What is -2 - (5 + (3 - 6 - 6) + 3)?
-1
Evaluate 7 - (15 + -5 - 14) - (4 - 2).
9
Calculate 5 - -1 - (-2 - -8) - (23 - -1).
-24
(-4 + (-2 - 0) - (-117 + 116)) + -6
-11
What is (7 - (-10 + 7 - -5)) + -3 + 10?
12
Evaluate 6 - ((-7 - -7) + (20 - 1) - 0).
-13
13 + (-5 - 0 - 0) + (-10 - -10)
8
What is -19 + (-11 - (8 - 6)) - (-2 - 10)?
-20
What is 51 - 8 - (79 + -36)?
0
What is the value of (24 - 2) + (-9 - (-20 + 17))?
16
18 + 1 + -39 - -14
-6
Evaluate -17 + (-10 - -18) + 1 + 0.
-8
What is the value of -104 - -115 - (-1 - (1 - (4 - 0)))?
9
Calculate -21 - (9 + (22 - 39)).
-13
21 + -6 + -7 + (-4 - (2 + 4))
-2
What is 10 + -6 + 11 + (2 - 4)?
13
What is the value of 42 + -26 + (4 - -2) + (1 - 5)?
18
Evaluate 8 + -5 + (1 - -4 - 0) + -5.
3
Calculate 23 + 6 + -26 + -23.
-20
What is the value of 1 - 11 - (3 + 2 + -5)?
-10
-9 - (-4 + (3 - (1 - -5 - 5)))
-7
-13 + 22 - (1 + 27 + -5)
-14
Calculate 12 - (8 - 0 - 5) - 8.
1
What is 6 - ((-17 - 0) + 7)?
16
Evaluate 11 + -6 + 49 + -25.
29
Evaluate 41 - 24 - 29 - (-3 + 5 + -5).
-9
(22 + -46 - -5 - -3) + -2 + 4
-14
Evaluate (34 - 0) + (9 + -5 - (-83 + 94)).
27
What is 0 - ((0 - 14) + -4 + 7)?
11
Evaluate 1 + 1 + (27 + (-16 - 11) - 2).
0
(405 - 409) + (0 + (1 - 0) - 11)
-14
What is -226 - -219 - (-27 + -1)?
21
What is the value of 11 + (6 - (13 - (7 + 2)))?
13
What is 2 - ((-1 + 3 - 1) + 4) - -16?
13
What is the value of 171 + -175 + 5 + 0?
1
What is -22 - (21 + -3 + -22)?
-18
What is -15 + (-291 + 280 - (0 + -3))?
-23
Calculate (26 + -27 - (-6 + -2)) + -15.
-8
Calculate (-6 - (5 + 13 - 46)) + 9.
31
What is (-34 - -3) + 37 - (-1 - -31)?
-24
(8 + -2 - 3) + (2 - (0 - -9))
-4
What is (-13 - -30) + -7 + -7 + 10?
13
What is -15 - (-4 + -22 + 19)?
-8
Calculate (-19 - -5) + -10 + 25 - (2 + 0).
-1
Evaluate (2 - (-5 - -12)) + (2 - (-3 - 0)).
0
Calculate (20 - 17 - 12) + (-2 + 23 - 0).
12
What is -5 + -3 + (20 - 3 - 22)?
-13
What is the value of (0 - -7) + (-4 - (-5 - 4 - -9))?
3
Calculate 12 - (-10 - -5 - -3 - (8 + -13)).
9
Evaluate (5 - 1) + (18 - 40) + -31 + 29.
-20
(-17 - (-6 + -8)) + -2
-5
What is the value of 0 - (2 + -2 + 9) - -10?
1
-238 + 212 - (-4 - -1)
-23
6 - (5 + 1 + -12 + 17 + -7)
2
What is -9 + -3 + 9 + (-2 - 0)?
-5
What is the value of -12 + 12 + -5 + -11 + 1?
-15
Calculate -17 - -32 - (-3 + 24).
-6
What is (-4 - (9 - -12)) + 41?
16
What is the value of 14 - (3 + 7 + -6)?
10
What is -3 + 16 + -55 + 37?
-5
Calculate -1 - 18 - (1 - 1 - 8).
-11
What is the value of (-1 - 4) + 114 + -96 + -26?
-13
What is the value of 1 + -15 + (145 - 139)?
-8
Evaluate -2 - -18 - (34 - 49).
31
Evaluate 0 - (17 - 20) - -1.
4
What is -11 + (-2 - (-15 + 8 + 5))?
-11
Evaluate -4 + (7 - (2 + -3 - 9)).
13
What is (-39 - -20) + 13 - (2 - 10)?
2
What is 25 + (0 - 14) + -5?
6
What is (1 + -1 - (9 + -4 + -3)) + -5?
-7
Calculate 12 - -3 - (4 + 0) - 30.
-19
24 - 5 - (52 + -28)
-5
-121 - -119 - (4 + (-1 - 1))
-4
Calculate 7 + -6 + (0 - -9 - 10) + -14.
-14
What is the value of 86 - 92 - (13 + 3) - (4 + -4)?
-22
What is -135 + 129 - ((19 - -4) + 0)?
-29
What is the value of -14 + (68 - 35) + 19?
38
Evaluate 8 + 6 + (1 - 2 - -2) + 3.
18
Calculate -14 - 1 - (67 + -74) - (-21 + 8).
5
(-4 + 12 + -20 - -9) + -24
-27
What is (-6 - -3 - 1) + (-3 + -24 - -29)?
-2
What is 591 + -578 - (1 + 2 + 35)?
-25
Evaluate ((-21 - -16) + 8 - 19) + -3 + -1.
-20
Calculate 103 + -109 + -1 + 0 + 3 + 4.
0
Calculate 13 + -16 + 5 - (2 - -1).
-1
Evaluate (-9 - 0) + 1 + 13.
5
Evaluate 5 + -1 - (8 - (12 + -1)) - 0.
7
What is the value of (-11 - -8) + -7 + (9 - 0) + 6?
5
Calculate 17 + -14 + (-52 - (-7 + -1)) - -9.
-32
Calculate -6 + 27 - 19 - 14.
-12
756 - 782 - (-2 + -2)
-22
What is -195 - -197 - (-1 + (1 - -1))?
1
What is (-8 - -12) + -11 + -1?
-8
Evaluate (6 + -16 + 9 + -3 - -2) + 1.
-1
(-5 + -1 - (-10 - -1)) + 1 - 4
0
Calculate -22 - 0 - (17 + 22 + -45).
-16
What is 0 + 11 - (143 + -142 + (-1 - -5))?
6
Calculate 3 + -1 + 5 + -2 + -343 + 337.
-1
-4 + (-28 + 11 - -5) + 11 + 3
-2
Evaluate 0 + 18 + -1 + 1556 + -1567.
6
-34 - ((7 + -5 + 3 - 21) + 11)
-29
Evaluate -3 + 6 + -8 - (-17 + 15).
-3
What is -2 - -6 - ((-8 - (-29 - -18)) + 26)?
-25
Calculate (-2 - -9 - (-18 - (-18 + 7))) + 3.
17
What is 5 + (-3 - -2 - (-37 + 47))?
-6
Evaluate -5 - ((19 - 15) + -22).
13
Calculate 2 + -3 - -5 - (16 + -15).
3
Evaluate 11 + 7 + (-23 - -7) + -23.
-21
Calculate -11 + 0 + 24 + -8.
5
What is -6 - (8 + 0 + 5) - -11?
-8
Evaluate (-13 - (7 - 11) - (0 - 13)) + 6.
10
What is the value of -141 - -142 - (1 - (17 + 1 + -2))?
16
(25 + -16 - 4) + 1 + -2
4
Calculate 12 - -1 - (-4 + -3 + 11 + 2).
7
Calculate 5 + 1 + -1 + (5 - (3 - 4)).
11
What is the value of 7 + 10 + 62 + -82?
-3
Calculate -19 - ((11 - 0) + (235 - 300)).
35
What is the value of -11 - (4 + (8 - 28))?
5
What is (4 + 2 - 48) + (-1 - (-8 + 1))?
-36
Evaluate -2 - (6 + -3 + 6 + -4).
-7
Evaluate (-4 + (-6 - -13) - -11) + (-4 - -9).
19
What is (6 - 10) + 12 + -7 - -9?
10
What is the value of -9 - 6 - (-12 - (2 - -6))?
5
What is the value of -29 - (25 - (24 + 40))?
10
Calculate -33 - (-4 - -5 - ((10 - 2) + 3)).
-23
Evaluate (15 + 3 + -1 - 0) + -11.
6
What is -66 + 42 - (-12 - -14)?
-26
Evaluate -1 - 3 - (11 - (-24 - -30)).
-9
9 - 20 - (3 - -9)
-23
Evaluate (-9 - (-17 + 4) - -1) + -25.
-20
(1 - -9) + -24 + 5 + 3
-6
What is the value of -5 + 9 + 1 + -6 + -1 + 14?
12
Calculate (38 - (55 - 25)) + -23.
-15
Calculate (-31 - -21) + 8 + 1 + -7.
-8
Calculate 10 - (74 + -44 + 3 + -7 + 5).
-21
Calculate (8 - 44) + (-5 - -22).
-19
12 - (-9 + 5 - -10) - 11
-5
Calculate -18 + 1 - (5 + (-5 - 8) + 4).
-13
Calculate -44 + (-25 - (-48 - 2)).
-19
What is (-417 - -430) + 9 + -2?
20
What is the value of (-1 + 34 - 17) + -20?
-4
What is (2 - (1 - 1)) + 19 - (198 + -196)?
19
What is the value of 13 - (-7 + (-7 + (4 - 1) - -12))?
12
Evaluate 